{"id":3,"date":"2024-12-04T13:02:43","date_gmt":"2024-12-04T12:02:43","guid":{"rendered":"http:\/\/tunisie-verte-durable.org\/?page_id=3"},"modified":"2025-11-29T18:27:39","modified_gmt":"2025-11-29T17:27:39","slug":"politique-de-confidentialite","status":"publish","type":"page","link":"https:\/\/tunisie-verte-durable.org\/index.php\/politique-de-confidentialite\/","title":{"rendered":"Politique de confidentialit\u00e9"},"content":{"rendered":"<div class=\"wpb-content-wrapper\"><p>[vc_row css=&#8221;.vc_custom_1764437252907{margin-top: -200px !important;}&#8221;][vc_column][vc_column_text css=&#8221;&#8221;]<\/p>\n<p><span style=\"color: #333333;\"><\/span><\/p>\n<h4 class=\"wp-block-heading\"><span style=\"color: #333333;\">Qui sommes-nous ?<\/span><\/h4>\n<p><span style=\"color: #333333;\"><\/p>\n<p><\/span><\/p>\n<p><span style=\"color: #333333;\">Notre site web est : <strong>https:\/\/tunisie-verte-durable.org<\/strong>. Il s\u2019inscrit dans le cadre du Programme d\u2019appui \u00e0 l\u2019action environnementale de l\u2019Union europ\u00e9enne en Tunisie.<\/span><\/p>\n<p><span style=\"color: #333333;\"><\/p>\n<p><\/span><\/p>\n<h4 class=\"wp-block-heading\"><span style=\"color: #333333;\">\u00c0 propos du Programme<\/span><\/h4>\n<p><span style=\"color: #333333;\"><\/p>\n<p><\/span><\/p>\n<p><span style=\"color: #333333;\">Le <strong>Programme d\u2019appui \u00e0 l\u2019action environnementale de l\u2019UE en Tunisie 2021<\/strong> vise \u00e0 renforcer et dynamiser l\u2019action environnementale dans le pays. Il s\u2019appuie sur les exp\u00e9riences ant\u00e9rieures de la coop\u00e9ration entre l\u2019Union europ\u00e9enne et la Tunisie.<\/span><br \/><span style=\"color: #333333;\">Le Minist\u00e8re de l\u2019Environnement assure la supervision et la coordination technique avec l\u2019ensemble des partenaires sectoriels.<\/span><\/p>\n<p><span style=\"color: #333333;\"><\/p>\n<p><\/span><\/p>\n<p><span style=\"color: #333333;\">Le Programme est structur\u00e9 en <strong>quatre volets<\/strong> :<\/span><\/p>\n<ul>\n<li><span style=\"color: #333333;\"><strong>I \u2013 Gouvernance environnementale<\/strong><\/span><\/li>\n<li><span style=\"color: #333333;\"><strong>II \u2013 Action environnementale des collectivit\u00e9s locales<\/strong><\/span><\/li>\n<li><span style=\"color: #333333;\"><strong>III \u2013 Entrepreneuriat vert<\/strong><\/span><\/li>\n<li><span style=\"color: #333333;\"><strong>IV \u2013 Recherche verte<\/strong><\/span><\/li>\n<\/ul>\n<p><span style=\"color: #333333;\"><\/p>\n<p><\/span><\/p>\n<p><span style=\"color: #333333;\">Les principaux objectifs du Programme sont les suivants :<\/span><\/p>\n<ul>\n<li><span style=\"color: #333333;\">Am\u00e9liorer la durabilit\u00e9 de l\u2019\u00e9conomie tunisienne et engager sa transition \u00e9cologique.<\/span><\/li>\n<li><span style=\"color: #333333;\">Renforcer la sensibilisation et la participation citoyenne face au changement climatique et \u00e0 la pr\u00e9servation des ressources naturelles.<\/span><\/li>\n<li><span style=\"color: #333333;\">Soutenir des investissements locaux g\u00e9n\u00e9rant des progr\u00e8s environnementaux concrets.<\/span><\/li>\n<li><span style=\"color: #333333;\">Encourager le secteur priv\u00e9 \u00e0 adopter des modes de production compatibles avec l\u2019\u00e9conomie verte et bleue.<\/span><\/li>\n<\/ul>\n<p><span style=\"color: #333333;\"><\/p>\n<p><\/span><\/p>\n<p><span style=\"color: #333333;\"><strong>Effet 1 \u2013 Gouvernance environnementale<\/strong><\/span><\/p>\n<ul>\n<li><span style=\"color: #333333;\">1.1.1 Le cadre l\u00e9gislatif, r\u00e9glementaire et normatif est adapt\u00e9 ou mis en application.<\/span><\/li>\n<li><span style=\"color: #333333;\">1.2.1 Des actions de sensibilisation sont mises en \u0153uvre pour appuyer la prise de d\u00e9cision environnementale.<\/span><\/li>\n<\/ul>\n<p><span style=\"color: #333333;\"><\/p>\n<p><\/span><\/p>\n<p><span style=\"color: #333333;\"><strong>Effet 2 \u2013 Action environnementale locale<\/strong><\/span><\/p>\n<ul>\n<li><span style=\"color: #333333;\">2.1.1 Les Plans d\u2019action pour l\u2019\u00e9nergie durable et le climat (PAEDC) sont d\u00e9velopp\u00e9s.<\/span><\/li>\n<li><span style=\"color: #333333;\">2.1.2 Un syst\u00e8me de financement est mis en place pour les investissements environnementaux locaux.<\/span><\/li>\n<li><span style=\"color: #333333;\">2.1.3 Des investissements pilotes en \u00e9nergie durable et en lutte contre le changement climatique sont r\u00e9alis\u00e9s.<\/span><\/li>\n<\/ul>\n<p><span style=\"color: #333333;\"><\/p>\n<p><\/span><\/p>\n<p><span style=\"color: #333333;\"><strong>Effet 3 \u2013 Entrepreneuriat et innovation verte<\/strong><\/span><\/p>\n<ul>\n<li><span style=\"color: #333333;\">3.1.1 Un dispositif d\u2019accompagnement et de financement des entreprises vertes, de l\u2019innovation verte, du tourisme durable et de l\u2019\u00e9conomie circulaire est mis en \u0153uvre (crowdfunding, subventions, pr\u00eats d\u2019honneur, avances remboursables\u2026).<\/span><\/li>\n<li><span style=\"color: #333333;\">3.2.1 Une facilit\u00e9 permettant l\u2019insertion de chercheurs dans les collectivit\u00e9s locales et les entreprises est d\u00e9ploy\u00e9e.<\/span><\/li>\n<\/ul>\n<p><span style=\"color: #333333;\"><\/span><\/p>\n<hr \/>\n<p><span style=\"color: #333333;\"><\/span><\/p>\n<h4 class=\"wp-block-heading\"><span style=\"color: #333333;\">Commentaires<\/span><\/h4>\n<p><span style=\"color: #333333;\"><\/p>\n<p><\/span><\/p>\n<p><span style=\"color: #333333;\">Lorsque vous laissez un commentaire sur le site, les donn\u00e9es saisies dans le formulaire (nom, email, message), ainsi que votre adresse IP et l\u2019agent utilisateur de votre navigateur sont collect\u00e9s pour aider \u00e0 la d\u00e9tection des commentaires ind\u00e9sirables.<\/span><\/p>\n<p><span style=\"color: #333333;\"><\/p>\n<p><\/span><\/p>\n<p><span style=\"color: #333333;\">Une cha\u00eene anonymis\u00e9e (hash) de votre adresse e-mail peut \u00eatre transmise au service Gravatar pour v\u00e9rifier si vous l\u2019utilisez. Vous pouvez consulter leur politique de confidentialit\u00e9 sur : https:\/\/automattic.com\/privacy\/. Une fois votre commentaire approuv\u00e9, votre photo de profil appara\u00eet publiquement \u00e0 c\u00f4t\u00e9 de votre message.<\/span><\/p>\n<p><span style=\"color: #333333;\"><\/p>\n<p><\/span><\/p>\n<h4 class=\"wp-block-heading\"><span style=\"color: #333333;\">M\u00e9dias<\/span><\/h4>\n<p><span style=\"color: #333333;\"><\/p>\n<p><\/span><\/p>\n<p><span style=\"color: #333333;\">Si vous t\u00e9l\u00e9versez des images, \u00e9vitez d\u2019y inclure des donn\u00e9es EXIF contenant vos coordonn\u00e9es GPS. Les visiteurs du site peuvent t\u00e9l\u00e9charger et extraire ces informations.<\/span><\/p>\n<p><span style=\"color: #333333;\"><\/p>\n<p><\/span><\/p>\n<h4 class=\"wp-block-heading\"><span style=\"color: #333333;\">Cookies<\/span><\/h4>\n<p><span style=\"color: #333333;\"><\/p>\n<p><\/span><\/p>\n<p><span style=\"color: #333333;\">Si vous laissez un commentaire, votre nom, email et site web peuvent \u00eatre enregistr\u00e9s dans des cookies pour faciliter vos futures publications. Ces cookies expirent au bout d\u2019un an.<\/span><\/p>\n<p><span style=\"color: #333333;\"><\/p>\n<p><\/span><\/p>\n<p><span style=\"color: #333333;\">Lors de l\u2019acc\u00e8s \u00e0 la page de connexion, un cookie temporaire est cr\u00e9\u00e9 pour v\u00e9rifier l\u2019acceptation des cookies par votre navigateur. Il est supprim\u00e9 \u00e0 la fermeture de celui-ci.<\/span><\/p>\n<p><span style=\"color: #333333;\"><\/p>\n<p><\/span><\/p>\n<p><span style=\"color: #333333;\">Lors de votre connexion, plusieurs cookies sont install\u00e9s pour m\u00e9moriser vos informations et pr\u00e9f\u00e9rences d\u2019affichage. Un cookie de connexion dure deux jours, un cookie de pr\u00e9f\u00e9rence d\u2019\u00e9cran un an. Si vous s\u00e9lectionnez \u00ab Se souvenir de moi \u00bb, la connexion persiste deux semaines.<\/span><\/p>\n<p><span style=\"color: #333333;\"><\/p>\n<p><\/span><\/p>\n<p><span style=\"color: #333333;\">En modifiant ou en publiant un contenu, un cookie additionnel est enregistr\u00e9 afin d\u2019indiquer l\u2019ID de la publication modifi\u00e9e. Il expire au bout d\u2019un jour.<\/span><\/p>\n<p><span style=\"color: #333333;\"><\/p>\n<p><\/span><\/p>\n<h4 class=\"wp-block-heading\"><span style=\"color: #333333;\">Contenu embarqu\u00e9 depuis d\u2019autres sites<\/span><\/h4>\n<p><span style=\"color: #333333;\"><\/p>\n<p><\/span><\/p>\n<p><span style=\"color: #333333;\">Les articles de ce site peuvent inclure des contenus int\u00e9gr\u00e9s (vid\u00e9os, images, articles\u2026). Ces contenus se comportent comme si vous visitiez l\u2019autre site directement : celui-ci peut collecter des donn\u00e9es, utiliser des cookies et suivre vos interactions.<\/span><\/p>\n<p><span style=\"color: #333333;\"><\/p>\n<p><\/span><\/p>\n<h4 class=\"wp-block-heading\"><span style=\"color: #333333;\">Utilisation et transmission de vos donn\u00e9es personnelles<\/span><\/h4>\n<p><span style=\"color: #333333;\"><\/p>\n<p><\/span><\/p>\n<p><span style=\"color: #333333;\">En cas de demande de r\u00e9initialisation de mot de passe, votre adresse IP est incluse dans l\u2019email envoy\u00e9.<\/span><\/p>\n<p><span style=\"color: #333333;\"><\/p>\n<p><\/span><\/p>\n<h4 class=\"wp-block-heading\"><span style=\"color: #333333;\">Dur\u00e9es de stockage de vos donn\u00e9es<\/span><\/h4>\n<p><span style=\"color: #333333;\"><\/p>\n<p><\/span><\/p>\n<p><span style=\"color: #333333;\">Les commentaires et leurs m\u00e9tadonn\u00e9es sont conserv\u00e9s ind\u00e9finiment. Les comptes utilisateurs enregistr\u00e9s peuvent consulter, modifier ou supprimer leurs informations personnelles \u00e0 tout moment.<\/span><\/p>\n<p><span style=\"color: #333333;\"><\/p>\n<p><\/span><\/p>\n<h4 class=\"wp-block-heading\"><span style=\"color: #333333;\">Les droits que vous avez sur vos donn\u00e9es<\/span><\/h4>\n<p><span style=\"color: #333333;\"><\/p>\n<p><\/span><\/p>\n<p><span style=\"color: #333333;\">Si vous poss\u00e9dez un compte ou si vous avez laiss\u00e9 un commentaire, vous pouvez demander un fichier contenant toutes les donn\u00e9es personnelles vous concernant. Vous pouvez \u00e9galement demander leur suppression, sauf celles conserv\u00e9es pour des raisons administratives ou l\u00e9gales.<\/span><\/p>\n<p><span style=\"color: #333333;\"><\/p>\n<p><\/span><\/p>\n<h4 class=\"wp-block-heading\"><span style=\"color: #333333;\">Transmission de vos donn\u00e9es personnelles<\/span><\/h4>\n<p><span style=\"color: #333333;\"><\/p>\n<p><\/span><\/p>\n<p><span style=\"color: #333333;\">Les commentaires des visiteurs peuvent \u00eatre v\u00e9rifi\u00e9s \u00e0 l\u2019aide d\u2019un service automatis\u00e9 de d\u00e9tection des commentaires ind\u00e9sirables.<\/span><\/p>\n<p><span style=\"color: #333333;\"><\/span><\/p>\n<p>&nbsp;<\/p>\n<p>[\/vc_column_text][\/vc_column][\/vc_row]<\/p>\n<\/div>","protected":false},"excerpt":{"rendered":"<p>[vc_row css=&#8221;.vc_custom_1764437252907{margin-top: -200px !important;}&#8221;][vc_column][vc_column_text css=&#8221;&#8221;] Qui sommes-nous ? Notre site web est : https:\/\/tunisie-verte-durable.org. Il s\u2019inscrit dans le cadre du Programme d\u2019appui \u00e0 l\u2019action environnementale de l\u2019Union europ\u00e9enne en Tunisie. \u00c0 propos du Programme Le Programme d\u2019appui \u00e0 l\u2019action environnementale de l\u2019UE en Tunisie 2021 vise \u00e0 renforcer et dynamiser l\u2019action environnementale dans le pays.<\/p>\n","protected":false},"author":1,"featured_media":0,"parent":0,"menu_order":0,"comment_status":"closed","ping_status":"open","template":"","meta":{"_piecal_is_event":false,"_piecal_start_date":"","_piecal_end_date":"","_piecal_is_allday":false,"footnotes":""},"class_list":["post-3","page","type-page","status-publish","hentry"],"aioseo_notices":[],"_links":{"self":[{"href":"https:\/\/tunisie-verte-durable.org\/index.php\/wp-json\/wp\/v2\/pages\/3","targetHints":{"allow":["GET"]}}],"collection":[{"href":"https:\/\/tunisie-verte-durable.org\/index.php\/wp-json\/wp\/v2\/pages"}],"about":[{"href":"https:\/\/tunisie-verte-durable.org\/index.php\/wp-json\/wp\/v2\/types\/page"}],"author":[{"embeddable":true,"href":"https:\/\/tunisie-verte-durable.org\/index.php\/wp-json\/wp\/v2\/users\/1"}],"replies":[{"embeddable":true,"href":"https:\/\/tunisie-verte-durable.org\/index.php\/wp-json\/wp\/v2\/comments?post=3"}],"version-history":[{"count":2,"href":"https:\/\/tunisie-verte-durable.org\/index.php\/wp-json\/wp\/v2\/pages\/3\/revisions"}],"predecessor-version":[{"id":6789,"href":"https:\/\/tunisie-verte-durable.org\/index.php\/wp-json\/wp\/v2\/pages\/3\/revisions\/6789"}],"wp:attachment":[{"href":"https:\/\/tunisie-verte-durable.org\/index.php\/wp-json\/wp\/v2\/media?parent=3"}],"curies":[{"name":"wp","href":"https:\/\/api.w.org\/{rel}","templated":true}]}}